{"id":3236,"date":"2015-01-05T07:49:55","date_gmt":"2015-01-05T06:49:55","guid":{"rendered":"http:\/\/blog.projekt-kirche.de\/?page_id=3236"},"modified":"2020-05-10T10:11:29","modified_gmt":"2020-05-10T08:11:29","slug":"vision","status":"publish","type":"page","link":"https:\/\/www.projekt-kirche.de\/?page_id=3236","title":{"rendered":"Vision"},"content":{"rendered":"<div class=\"shariff\" data-title=\"Vision\" data-info-url=\"http:\/\/ct.de\/-2467514\" data-backend-url=\"https:\/\/www.projekt-kirche.de\/wp-content\/plugins\/shariff-sharing\/backend\/index.php\" data-temp=\"\/tmp\" data-ttl=\"60\" data-service=\"gftr\" data-services='[\"googleplus\",\"facebook\",\"twitter\",\"reddit\",\"info\"]' data-image=\"\" data-url=\"https:\/\/www.projekt-kirche.de\/?page_id=3236\" data-lang=\"de\" data-theme=\"colored\" data-orientation=\"horizontal\"><\/div><p class=\"kursiv\">Ich tr\u00e4ume von einer einigen und in geschwisterlicher Liebe verbundenen christlichen Kirche, &#8230;<\/p>\n<p class=\"kursiv\">&#8230;die aus wachsenden lokalen christlichen Gemeinschaften in den verschiedenen St\u00e4dten und L\u00e4ndern besteht.<\/p>\n<p class=\"kursiv\">&#8230;die Gott Ehre macht und in denen sich alle Gl\u00e4ubigen wohl f\u00fchlen k\u00f6nnen, aber auch zu einem ver\u00e4nderten Leben in Christus angespornt werden.<\/p>\n<p class=\"kursiv\">&#8230;in der die Liebe zu Gott und den Mitmenschen am Wichtigsten ist.<\/p>\n<p class=\"kursiv\">&#8230;in der die Liebe praktisch im Leben umgesetzt wird.<\/p>\n<p class=\"kursiv\">&#8230;in der ernsthaft und vorurteilslos nach dem Willen Gottes gefragt wird und sich best\u00e4ndig gro\u00dfe M\u00fche gemacht wird ihn herauszufinden.<\/p>\n<p class=\"kursiv\">&#8230;die wie eine Familie ist, in der man sich gegenseitig um die physischen, emotionalen und geistlichen Bed\u00fcrfnisse k\u00fcmmert.<\/p>\n<p class=\"kursiv\">&#8230;die kreativ ist und in der sich jeder Gl\u00e4ubige gem\u00e4\u00df seiner Talente und F\u00e4higkeiten einbringen kann und soll.<\/p>\n<p class=\"kursiv\">&#8230;in der Leiten verantwortungsvolles Dienen bedeutet.<\/p>\n<p class=\"kursiv\">&#8230;in der Schwachen und Bed\u00fcrftigen besondere Beachtung geschenkt wird.<\/p>\n<p class=\"kursiv\">&#8230;in der eine gro\u00dfe Freiheit innerhalb der von Gott gegebenen Grenzen herrscht bzgl. der nicht eindeutig beantwortbaren Fragen der christlichen Lehre und des Lebens innerhalb und au\u00dferhalb der christlichen Gemeinde.<\/p>\n<p class=\"kursiv\">&#8230;in der herrschs\u00fcchtigen Menschen und sch\u00e4dlichen falschen Lehren mutig und kompromisslos entgegengetreten wird.<\/p>\n<p class=\"kursiv\">&#8230;die selbstkritisch, korrigierbar und wandlungsf\u00e4hig ist.<\/p>\n<p class=\"kursiv\">&#8230;in der zu Zeiten gemeinsam geweint, aber auch viel gelacht wird.<\/p>\n<p class=\"kursiv\">&#8230;in der Andersgl\u00e4ubigen mit Respekt und Achtung begegnet wird.<\/p>\n<p class=\"kursiv\">(Stuttgart, 26.04.2006)<\/p>\n","protected":false},"excerpt":{"rendered":"<p>Ich tr\u00e4ume von einer einigen und in geschwisterlicher Liebe verbundenen christlichen Kirche, &#8230; &#8230;die aus wachsenden lokalen christlichen Gemeinschaften in den verschiedenen St\u00e4dten und L\u00e4ndern besteht. &#8230;die Gott Ehre macht und in denen sich alle Gl\u00e4ubigen wohl f\u00fchlen k\u00f6nnen, aber auch zu einem ver\u00e4nderten Leben in Christus angespornt werden. &#8230;in der die Liebe zu Gott [&hellip;]<\/p>\n","protected":false},"author":1,"featured_media":0,"parent":2443,"menu_order":0,"comment_status":"open","ping_status":"closed","template":"","meta":{"jetpack_post_was_ever_published":false,"footnotes":""},"class_list":["post-3236","page","type-page","status-publish","hentry"],"jetpack_shortlink":"https:\/\/wp.me\/P4Sdv6-Qc","jetpack_sharing_enabled":true,"_links":{"self":[{"href":"https:\/\/www.projekt-kirche.de\/index.php?rest_route=\/wp\/v2\/pages\/3236","targetHints":{"allow":["GET"]}}],"collection":[{"href":"https:\/\/www.projekt-kirche.de\/index.php?rest_route=\/wp\/v2\/pages"}],"about":[{"href":"https:\/\/www.projekt-kirche.de\/index.php?rest_route=\/wp\/v2\/types\/page"}],"author":[{"embeddable":true,"href":"https:\/\/www.projekt-kirche.de\/index.php?rest_route=\/wp\/v2\/users\/1"}],"replies":[{"embeddable":true,"href":"https:\/\/www.projekt-kirche.de\/index.php?rest_route=%2Fwp%2Fv2%2Fcomments&post=3236"}],"version-history":[{"count":1,"href":"https:\/\/www.projekt-kirche.de\/index.php?rest_route=\/wp\/v2\/pages\/3236\/revisions"}],"predecessor-version":[{"id":6414,"href":"https:\/\/www.projekt-kirche.de\/index.php?rest_route=\/wp\/v2\/pages\/3236\/revisions\/6414"}],"up":[{"embeddable":true,"href":"https:\/\/www.projekt-kirche.de\/index.php?rest_route=\/wp\/v2\/pages\/2443"}],"wp:attachment":[{"href":"https:\/\/www.projekt-kirche.de\/index.php?rest_route=%2Fwp%2Fv2%2Fmedia&parent=3236"}],"curies":[{"name":"wp","href":"https:\/\/api.w.org\/{rel}","templated":true}]}}

<div class="shariff" data-title="Vision" data-info-url="http://ct.de/-2467514" data-backend-url="https://www.projekt-kirche.de/wp-content/plugins/shariff-sharing/backend/index.php" data-temp="/tmp" data-ttl="60" data-service="gftr" data-services='["googleplus","facebook","twitter","reddit","info"]' data-image="" data-url="https://www.projekt-kirche.de/?page_id=3236" data-lang="de" data-theme="colored" data-orientation="horizontal"></div><p class="kursiv">Ich träume von einer einigen und in geschwisterlicher Liebe verbundenen christlichen Kirche, &#8230;</p>
<p class="kursiv">&#8230;die aus wachsenden lokalen christlichen Gemeinschaften in den verschiedenen Städten und Ländern besteht.</p>
<p class="kursiv">&#8230;die Gott Ehre macht und in denen sich alle Gläubigen wohl fühlen können, aber auch zu einem veränderten Leben in Christus angespornt werden.</p>
<p class="kursiv">&#8230;in der die Liebe zu Gott und den Mitmenschen am Wichtigsten ist.</p>
<p class="kursiv">&#8230;in der die Liebe praktisch im Leben umgesetzt wird.</p>
<p class="kursiv">&#8230;in der ernsthaft und vorurteilslos nach dem Willen Gottes gefragt wird und sich beständig große Mühe gemacht wird ihn herauszufinden.</p>
<p class="kursiv">&#8230;die wie eine Familie ist, in der man sich gegenseitig um die physischen, emotionalen und geistlichen Bedürfnisse kümmert.</p>
<p class="kursiv">&#8230;die kreativ ist und in der sich jeder Gläubige gemäß seiner Talente und Fähigkeiten einbringen kann und soll.</p>
<p class="kursiv">&#8230;in der Leiten verantwortungsvolles Dienen bedeutet.</p>
<p class="kursiv">&#8230;in der Schwachen und Bedürftigen besondere Beachtung geschenkt wird.</p>
<p class="kursiv">&#8230;in der eine große Freiheit innerhalb der von Gott gegebenen Grenzen herrscht bzgl. der nicht eindeutig beantwortbaren Fragen der christlichen Lehre und des Lebens innerhalb und außerhalb der christlichen Gemeinde.</p>
<p class="kursiv">&#8230;in der herrschsüchtigen Menschen und schädlichen falschen Lehren mutig und kompromisslos entgegengetreten wird.</p>
<p class="kursiv">&#8230;die selbstkritisch, korrigierbar und wandlungsfähig ist.</p>
<p class="kursiv">&#8230;in der zu Zeiten gemeinsam geweint, aber auch viel gelacht wird.</p>
<p class="kursiv">&#8230;in der Andersgläubigen mit Respekt und Achtung begegnet wird.</p>
<p class="kursiv">(Stuttgart, 26.04.2006)</p>

<p>Ich träume von einer einigen und in geschwisterlicher Liebe verbundenen christlichen Kirche, &#8230; &#8230;die aus wachsenden lokalen christlichen Gemeinschaften in den verschiedenen Städten und Ländern besteht. &#8230;die Gott Ehre macht und in denen sich alle Gläubigen wohl fühlen können, aber auch zu einem veränderten Leben in Christus angespornt werden. &#8230;in der die Liebe zu Gott [&hellip;]</p>
