{"id":3440,"date":"2015-01-11T13:34:38","date_gmt":"2015-01-11T12:34:38","guid":{"rendered":"http:\/\/www.projekt-kirche.de\/?page_id=3440"},"modified":"2020-05-10T22:34:44","modified_gmt":"2020-05-10T20:34:44","slug":"ueber-die-eucharistie-abendmahl","status":"publish","type":"page","link":"https:\/\/www.projekt-kirche.de\/?page_id=3440","title":{"rendered":"\u00dcber die Eucharistie (Abendmahl)"},"content":{"rendered":"<div class=\"shariff\" data-title=\"\u00dcber die Eucharistie (Abendmahl)\" data-info-url=\"http:\/\/ct.de\/-2467514\" data-backend-url=\"https:\/\/www.projekt-kirche.de\/wp-content\/plugins\/shariff-sharing\/backend\/index.php\" data-temp=\"\/tmp\" data-ttl=\"60\" data-service=\"gftr\" data-services='[\"googleplus\",\"facebook\",\"twitter\",\"reddit\",\"info\"]' data-image=\"\" data-url=\"https:\/\/www.projekt-kirche.de\/?page_id=3440\" data-lang=\"de\" data-theme=\"colored\" data-orientation=\"horizontal\"><\/div><p><a href=\"http:\/\/de.wikipedia.org\/wiki\/Justin_der_M%C3%A4rtyrer\">Justin der M\u00e4rtyrer (ca. 100 &#8211; 165 n.Chr.)<\/a>:<\/p>\n<p class=\"Standard-Blocksatz\">(christlicher Philosoph in <a href=\"http:\/\/maps.google.de\/maps?f=q&amp;hl=de&amp;geocode=&amp;q=rom,+Italien&amp;ie=UTF8&amp;ll=42.183759,12.513428&amp;spn=6.267461,13.623047&amp;t=p&amp;z=6\">Rom, Italien<\/a>)<\/p>\n<p class=\"Standard-Blocksatz\"><i>\u201cDarauf werden dem Vorsteher der Br\u00fcder Brot und ein Becher mit Wasser und Wein gebracht; der nimmt es und sendet Lob und Preis dem Allvater durch den Namen des Sohnes und des Heiligen Geistes empor und spricht eine lange Danksagung daf\u00fcr, dass wir dieser Gaben von ihm gew\u00fcrdigt worden sind.<\/i><\/p>\n<p class=\"Standard-Blocksatz\"><i>Ist er mit den Gebeten und mit der Danksagung zu Ende, so gibt das ganze Volk seine Zustimmung mit dem Worte \u201eAmen\u201c. Dieses Amen bedeutet in der hebr\u00e4ischen Sprache soviel wie: Es geschehe! Nach der Danksagung des Vorstehers und der Zustimmung des ganzen Volkes teilen die, welche bei uns Diakonen hei\u00dfen, jedem der Anwesenden von dem verdankten Brot, Wein und Wasser mit und bringen davon auch den Abwesenden.<\/i><\/p>\n<p class=\"Standard-Blocksatz\"><i>Diese Nahrung hei\u00dft bei uns Eucharistie. Niemand darf daran teilnehmen, als wer unsere Lehren f\u00fcr wahr h\u00e4lt, das Bad zur Nachlassung der S\u00fcnden und zur Wiedergeburt empfangen hat und nach den Weisungen Christi lebt. Denn nicht als gemeines Brot und als gemeinen Trank nehmen wir sie; sondern wie Jesus Christus, unser Erl\u00f6ser, als er durch Gottes Logos Fleisch wurde, Fleisch und Blut um unseres Heiles willen angenommen hat, so sind wir belehrt worden, dass die durch ein Gebet um den Logos, der von ihm ausgeht, unter Danksagung geweihte Nahrung, mit der unser Fleisch und Blut durch Umwandlung gen\u00e4hrt wird, Fleisch und Blut jenes fleischgewordenen Jesus sei.<\/i><\/p>\n<p class=\"Standard-Blocksatz\"><i>Denn die Apostel haben in den von ihnen stammenden Denkw\u00fcrdigkeiten, welche Evangelien hei\u00dfen, \u00fcberliefert, es sei ihnen folgende Anweisung gegeben worden: Jesus habe Brot genommen, Dank gesagt und gesprochen: \u201eDas tut zu meinem Ged\u00e4chtnis, das ist mein Leib\u201c, und ebenso habe er den Becher genommen, Dank gesagt und gesprochen: \u201eDieses ist mein Blut\u201c, und er habe nur ihnen davon mitgeteilt.\u201d<\/i><\/p>\n<p class=\"Standard-Blocksatz\"><a href=\"http:\/\/www.unifr.ch\/bkv\/kapitel77-64.htm\">(aus \u201cBibliothek der Kirchenv\u00e4ter\u201d, Justin der M\u00e4rtyrer: Erste Apologie, Kap. 65-66)<\/a><\/p>\n<hr id=\"HorizontaleLinie17\" align=\"CENTER\" size=\"3\" width=\"98%\" \/>\n<p class=\"Standard-Blocksatz\"><a href=\"http:\/\/de.wikipedia.org\/wiki\/Fulgentius_von_Ruspe\">Fulgentius von Ruspe (ca. 467 &#8211; 533 n.Chr.)<\/a>:<br \/>\n(Bischof von Ruspe in Nordafrika, heute <a href=\"http:\/\/maps.google.de\/maps?f=q&amp;hl=de&amp;geocode=&amp;q=tunesien&amp;ie=UTF8&amp;ll=38.959409,12.832031&amp;spn=26.21608,54.492188&amp;t=p&amp;z=4\">Tunesien<\/a>)<\/p>\n<p class=\"Standard-Blocksatz\"><i>\u201cHalte mit felsenfestem, unersch\u00fctterlichem Glauben daran fest, dass das menschgewordene, eingeborene Wort Gottes sich f\u00fcr uns als Opfer und Opfergabe Gott zum lieblichen Wohlgeruch dargebracht hat! [<a href=\"https:\/\/www.bibleserver.com\/NLB\/Epheser5%2C2\" class=\"bibleserver extern\" target=\"_blank\" rel=\"noopener noreferrer\">Eph 5,2<\/a> <span class=\"tooltips \" style=\"\" title=\"und liebt einander, weil auch Christus uns geliebt und sich f\u00fcr uns hingegeben hat als Gabe und als Opfer, das Gott gef\u00e4llt.\"><span style=\"color:#333333\"><a class=\"nof-navPositioning\"><img data-recalc-dims=\"1\" decoding=\"async\" src=\"https:\/\/i0.wp.com\/www.projekt-kirche.de\/wp-content\/uploads\/2015\/01\/buch_301.gif?w=629\" alt=\"\" \/><\/a><\/span><\/span>] Ihm wurden in der Zeit des Alten Bundes zugleich mit dem Vater und dem Heiligen Geist von den Patriarchen, Propheten und Priestern Tiere geopfert; jetzt, in der Zeit des Neuen Testamentes, bringt die heilige katholische Kirche ihm zugleich mit dem Vater und dem Heiligen Geist, mit denen er dieselbe g\u00f6ttliche Natur besitzt, in Glaube und Liebe unaufh\u00f6rlich auf dem gesamten Erdkreis das Opfer des Brotes und Weines dar.<\/i><\/p>\n<p class=\"Standard-Blocksatz\"><i>Jene fleischlichen Opfer n\u00e4mlich waren ein Sinnbild des Fleisches Christi, das er selbst ohne S\u00fcnden f\u00fcr uns S\u00fcnder darzubringen bestimmt war, und des Blutes, das er zur Verzeihung unserer S\u00fcnden vergie\u00dfen wollte. Dieses Opfer aber ist eine Danksagung und Erinnerung an den Leib Christi, den er f\u00fcr uns darbrachte, und an das Blut, das derselbe Gott f\u00fcr uns vergossen hat. Von ihm sagt der heilige Paulus in der Apostelgeschichte: \u201eHabet acht auf euch und die gesamte Herde, in der euch der Heilige Geist eingesetzt hat als Bisch\u00f6fe, um die Kirche Gottes zu regieren, die er mit seinem Blute erworben hat!\u201c [<a href=\"https:\/\/www.bibleserver.com\/NLB\/Apostelgeschichte20%2C28\" class=\"bibleserver extern\" target=\"_blank\" rel=\"noopener noreferrer\">Apg 20,28<\/a> <span class=\"tooltips \" style=\"\" title=\"Gebt Acht auf euch und auf die ganze Herde, in der euch der Heilige Geist zu Bisch\u00f6fen bestellt hat, damit ihr als Hirten f\u00fcr die Kirche Gottes sorgt, die er sich durch das Blut seines eigenen Sohnes erworben hat.&lt;span id=&quot;b27ref44020028footnote2&quot; class=&quot;footnote&quot;&gt;&lt;\/span&gt;\"><span style=\"color:#333333\"><a class=\"nof-navPositioning\"><img data-recalc-dims=\"1\" decoding=\"async\" src=\"https:\/\/i0.wp.com\/www.projekt-kirche.de\/wp-content\/uploads\/2015\/01\/buch_301.gif?w=629\" alt=\"\" \/><\/a><\/span><\/span>]<\/i>.<i> <\/i><\/p>\n<p class=\"Standard-Blocksatz\"><i>In jenen Opfern wurde symbolisch angezeigt, was uns geschenkt werden sollte; in diesem Opfer aber wird uns klar dargestellt, was uns bereits geschenkt worden ist. In jenen Opfern wurde der Gottessohn f\u00fcr uns vorausverk\u00fcndet, der f\u00fcr die S\u00fcnder get\u00f6tet werden wollte; in diesem Opfer aber wird er als der f\u00fcr die S\u00fcnder Get\u00f6tete verk\u00fcndet nach dem Zeugnis des Apostels, da\u00df \u201eChristus, als wir schwach waren, zur rechten Zeit f\u00fcr die S\u00fcnder gestorben ist\u201c, [<\/i><i><a href=\"https:\/\/www.bibleserver.com\/NLB\/R%C3%B6mer5%2C6\" class=\"bibleserver extern\" target=\"_blank\" rel=\"noopener noreferrer\">R\u00f6m 5,6<\/a><\/i> <i><span class=\"tooltips \" style=\"\" title=\"Christus ist schon zu der Zeit, da wir noch schwach und gottlos waren, f\u00fcr uns gestorben.\"><span style=\"color:#333333\"><a class=\"nof-navPositioning\"><img data-recalc-dims=\"1\" decoding=\"async\" src=\"https:\/\/i0.wp.com\/www.projekt-kirche.de\/wp-content\/uploads\/2015\/01\/buch_301.gif?w=629\" alt=\"\" \/><\/a><\/span><\/span><\/i><i>] und da\u00df wir, \u201eals wir Feinde waren, Gott durch den Tod seines Sohnes vers\u00f6hnt worden sind\u201c. [<\/i><i><a href=\"https:\/\/www.bibleserver.com\/NLB\/R%C3%B6mer5%2C10\" class=\"bibleserver extern\" target=\"_blank\" rel=\"noopener noreferrer\">R\u00f6m 5,10<\/a><\/i> <i><span class=\"tooltips \" style=\"\" title=\"Da wir mit Gott vers\u00f6hnt wurden durch den Tod seines Sohnes, als wir noch (Gottes) Feinde waren, werden wir erst recht, nachdem wir vers\u00f6hnt sind, gerettet werden durch sein Leben. \"><span style=\"color:#333333\"><a class=\"nof-navPositioning\"><img data-recalc-dims=\"1\" decoding=\"async\" src=\"https:\/\/i0.wp.com\/www.projekt-kirche.de\/wp-content\/uploads\/2015\/01\/buch_301.gif?w=629\" alt=\"\" \/><\/a><\/span><\/span><\/i><i>]\u201d<\/i><\/p>\n<p class=\"Standard-Blocksatz\"><a href=\"http:\/\/www.unifr.ch\/bkv\/kapitel3136.htm\">(aus \u201cBibliothek der Kirchenv\u00e4ter\u201d, Fulgentius von Ruspe : Vom Glauben an Petrus, Kap. 60)<\/a><\/p>\n","protected":false},"excerpt":{"rendered":"<p>Justin der M\u00e4rtyrer (ca. 100 &#8211; 165 n.Chr.): (christlicher Philosoph in Rom, Italien) \u201cDarauf werden dem Vorsteher der Br\u00fcder Brot und ein Becher mit Wasser und Wein gebracht; der nimmt es und sendet Lob und Preis dem Allvater durch den Namen des Sohnes und des Heiligen Geistes empor und spricht eine lange Danksagung daf\u00fcr, dass [&hellip;]<\/p>\n","protected":false},"author":1,"featured_media":0,"parent":3402,"menu_order":0,"comment_status":"open","ping_status":"open","template":"","meta":{"jetpack_post_was_ever_published":false,"footnotes":""},"class_list":["post-3440","page","type-page","status-publish","hentry"],"jetpack_shortlink":"https:\/\/wp.me\/P4Sdv6-Tu","jetpack_sharing_enabled":true,"_links":{"self":[{"href":"https:\/\/www.projekt-kirche.de\/index.php?rest_route=\/wp\/v2\/pages\/3440","targetHints":{"allow":["GET"]}}],"collection":[{"href":"https:\/\/www.projekt-kirche.de\/index.php?rest_route=\/wp\/v2\/pages"}],"about":[{"href":"https:\/\/www.projekt-kirche.de\/index.php?rest_route=\/wp\/v2\/types\/page"}],"author":[{"embeddable":true,"href":"https:\/\/www.projekt-kirche.de\/index.php?rest_route=\/wp\/v2\/users\/1"}],"replies":[{"embeddable":true,"href":"https:\/\/www.projekt-kirche.de\/index.php?rest_route=%2Fwp%2Fv2%2Fcomments&post=3440"}],"version-history":[{"count":4,"href":"https:\/\/www.projekt-kirche.de\/index.php?rest_route=\/wp\/v2\/pages\/3440\/revisions"}],"predecessor-version":[{"id":8642,"href":"https:\/\/www.projekt-kirche.de\/index.php?rest_route=\/wp\/v2\/pages\/3440\/revisions\/8642"}],"up":[{"embeddable":true,"href":"https:\/\/www.projekt-kirche.de\/index.php?rest_route=\/wp\/v2\/pages\/3402"}],"wp:attachment":[{"href":"https:\/\/www.projekt-kirche.de\/index.php?rest_route=%2Fwp%2Fv2%2Fmedia&parent=3440"}],"curies":[{"name":"wp","href":"https:\/\/api.w.org\/{rel}","templated":true}]}}

Über die Eucharistie (Abendmahl)

<div class="shariff" data-title="Über die Eucharistie (Abendmahl)" data-info-url="http://ct.de/-2467514" data-backend-url="https://www.projekt-kirche.de/wp-content/plugins/shariff-sharing/backend/index.php" data-temp="/tmp" data-ttl="60" data-service="gftr" data-services='["googleplus","facebook","twitter","reddit","info"]' data-image="" data-url="https://www.projekt-kirche.de/?page_id=3440" data-lang="de" data-theme="colored" data-orientation="horizontal"></div><p><a href="http://de.wikipedia.org/wiki/Justin_der_M%C3%A4rtyrer">Justin der Märtyrer (ca. 100 &#8211; 165 n.Chr.)</a>:</p>
<p class="Standard-Blocksatz">(christlicher Philosoph in <a href="http://maps.google.de/maps?f=q&amp;hl=de&amp;geocode=&amp;q=rom,+Italien&amp;ie=UTF8&amp;ll=42.183759,12.513428&amp;spn=6.267461,13.623047&amp;t=p&amp;z=6">Rom, Italien</a>)</p>
<p class="Standard-Blocksatz"><i>“Darauf werden dem Vorsteher der Brüder Brot und ein Becher mit Wasser und Wein gebracht; der nimmt es und sendet Lob und Preis dem Allvater durch den Namen des Sohnes und des Heiligen Geistes empor und spricht eine lange Danksagung dafür, dass wir dieser Gaben von ihm gewürdigt worden sind.</i></p>
<p class="Standard-Blocksatz"><i>Ist er mit den Gebeten und mit der Danksagung zu Ende, so gibt das ganze Volk seine Zustimmung mit dem Worte „Amen“. Dieses Amen bedeutet in der hebräischen Sprache soviel wie: Es geschehe! Nach der Danksagung des Vorstehers und der Zustimmung des ganzen Volkes teilen die, welche bei uns Diakonen heißen, jedem der Anwesenden von dem verdankten Brot, Wein und Wasser mit und bringen davon auch den Abwesenden.</i></p>
<p class="Standard-Blocksatz"><i>Diese Nahrung heißt bei uns Eucharistie. Niemand darf daran teilnehmen, als wer unsere Lehren für wahr hält, das Bad zur Nachlassung der Sünden und zur Wiedergeburt empfangen hat und nach den Weisungen Christi lebt. Denn nicht als gemeines Brot und als gemeinen Trank nehmen wir sie; sondern wie Jesus Christus, unser Erlöser, als er durch Gottes Logos Fleisch wurde, Fleisch und Blut um unseres Heiles willen angenommen hat, so sind wir belehrt worden, dass die durch ein Gebet um den Logos, der von ihm ausgeht, unter Danksagung geweihte Nahrung, mit der unser Fleisch und Blut durch Umwandlung genährt wird, Fleisch und Blut jenes fleischgewordenen Jesus sei.</i></p>
<p class="Standard-Blocksatz"><i>Denn die Apostel haben in den von ihnen stammenden Denkwürdigkeiten, welche Evangelien heißen, überliefert, es sei ihnen folgende Anweisung gegeben worden: Jesus habe Brot genommen, Dank gesagt und gesprochen: „Das tut zu meinem Gedächtnis, das ist mein Leib“, und ebenso habe er den Becher genommen, Dank gesagt und gesprochen: „Dieses ist mein Blut“, und er habe nur ihnen davon mitgeteilt.”</i></p>
<p class="Standard-Blocksatz"><a href="http://www.unifr.ch/bkv/kapitel77-64.htm">(aus “Bibliothek der Kirchenväter”, Justin der Märtyrer: Erste Apologie, Kap. 65-66)</a></p>
<hr id="HorizontaleLinie17" align="CENTER" size="3" width="98%" />
<p class="Standard-Blocksatz"><a href="http://de.wikipedia.org/wiki/Fulgentius_von_Ruspe">Fulgentius von Ruspe (ca. 467 &#8211; 533 n.Chr.)</a>:<br />
(Bischof von Ruspe in Nordafrika, heute <a href="http://maps.google.de/maps?f=q&amp;hl=de&amp;geocode=&amp;q=tunesien&amp;ie=UTF8&amp;ll=38.959409,12.832031&amp;spn=26.21608,54.492188&amp;t=p&amp;z=4">Tunesien</a>)</p>
<p class="Standard-Blocksatz"><i>“Halte mit felsenfestem, unerschütterlichem Glauben daran fest, dass das menschgewordene, eingeborene Wort Gottes sich für uns als Opfer und Opfergabe Gott zum lieblichen Wohlgeruch dargebracht hat! [<a href="https://www.bibleserver.com/NLB/Epheser5%2C2" class="bibleserver extern" target="_blank" rel="noopener noreferrer">Eph 5,2</a> <span class="tooltips " style="" title="und liebt einander, weil auch Christus uns geliebt und sich für uns hingegeben hat als Gabe und als Opfer, das Gott gefällt."><span style="color:#333333"><a class="nof-navPositioning"><img data-recalc-dims="1" decoding="async" src="https://i0.wp.com/www.projekt-kirche.de/wp-content/uploads/2015/01/buch_301.gif?w=629" alt="" /></a></span></span>] Ihm wurden in der Zeit des Alten Bundes zugleich mit dem Vater und dem Heiligen Geist von den Patriarchen, Propheten und Priestern Tiere geopfert; jetzt, in der Zeit des Neuen Testamentes, bringt die heilige katholische Kirche ihm zugleich mit dem Vater und dem Heiligen Geist, mit denen er dieselbe göttliche Natur besitzt, in Glaube und Liebe unaufhörlich auf dem gesamten Erdkreis das Opfer des Brotes und Weines dar.</i></p>
<p class="Standard-Blocksatz"><i>Jene fleischlichen Opfer nämlich waren ein Sinnbild des Fleisches Christi, das er selbst ohne Sünden für uns Sünder darzubringen bestimmt war, und des Blutes, das er zur Verzeihung unserer Sünden vergießen wollte. Dieses Opfer aber ist eine Danksagung und Erinnerung an den Leib Christi, den er für uns darbrachte, und an das Blut, das derselbe Gott für uns vergossen hat. Von ihm sagt der heilige Paulus in der Apostelgeschichte: „Habet acht auf euch und die gesamte Herde, in der euch der Heilige Geist eingesetzt hat als Bischöfe, um die Kirche Gottes zu regieren, die er mit seinem Blute erworben hat!“ [<a href="https://www.bibleserver.com/NLB/Apostelgeschichte20%2C28" class="bibleserver extern" target="_blank" rel="noopener noreferrer">Apg 20,28</a> <span class="tooltips " style="" title="Gebt Acht auf euch und auf die ganze Herde, in der euch der Heilige Geist zu Bischöfen bestellt hat, damit ihr als Hirten für die Kirche Gottes sorgt, die er sich durch das Blut seines eigenen Sohnes erworben hat.&lt;span id=&quot;b27ref44020028footnote2&quot; class=&quot;footnote&quot;&gt;&lt;/span&gt;"><span style="color:#333333"><a class="nof-navPositioning"><img data-recalc-dims="1" decoding="async" src="https://i0.wp.com/www.projekt-kirche.de/wp-content/uploads/2015/01/buch_301.gif?w=629" alt="" /></a></span></span>]</i>.<i> </i></p>
<p class="Standard-Blocksatz"><i>In jenen Opfern wurde symbolisch angezeigt, was uns geschenkt werden sollte; in diesem Opfer aber wird uns klar dargestellt, was uns bereits geschenkt worden ist. In jenen Opfern wurde der Gottessohn für uns vorausverkündet, der für die Sünder getötet werden wollte; in diesem Opfer aber wird er als der für die Sünder Getötete verkündet nach dem Zeugnis des Apostels, daß „Christus, als wir schwach waren, zur rechten Zeit für die Sünder gestorben ist“, [</i><i><a href="https://www.bibleserver.com/NLB/R%C3%B6mer5%2C6" class="bibleserver extern" target="_blank" rel="noopener noreferrer">Röm 5,6</a></i> <i><span class="tooltips " style="" title="Christus ist schon zu der Zeit, da wir noch schwach und gottlos waren, für uns gestorben."><span style="color:#333333"><a class="nof-navPositioning"><img data-recalc-dims="1" decoding="async" src="https://i0.wp.com/www.projekt-kirche.de/wp-content/uploads/2015/01/buch_301.gif?w=629" alt="" /></a></span></span></i><i>] und daß wir, „als wir Feinde waren, Gott durch den Tod seines Sohnes versöhnt worden sind“. [</i><i><a href="https://www.bibleserver.com/NLB/R%C3%B6mer5%2C10" class="bibleserver extern" target="_blank" rel="noopener noreferrer">Röm 5,10</a></i> <i><span class="tooltips " style="" title="Da wir mit Gott versöhnt wurden durch den Tod seines Sohnes, als wir noch (Gottes) Feinde waren, werden wir erst recht, nachdem wir versöhnt sind, gerettet werden durch sein Leben. "><span style="color:#333333"><a class="nof-navPositioning"><img data-recalc-dims="1" decoding="async" src="https://i0.wp.com/www.projekt-kirche.de/wp-content/uploads/2015/01/buch_301.gif?w=629" alt="" /></a></span></span></i><i>]”</i></p>
<p class="Standard-Blocksatz"><a href="http://www.unifr.ch/bkv/kapitel3136.htm">(aus “Bibliothek der Kirchenväter”, Fulgentius von Ruspe : Vom Glauben an Petrus, Kap. 60)</a></p>

<p>Justin der Märtyrer (ca. 100 &#8211; 165 n.Chr.): (christlicher Philosoph in Rom, Italien) “Darauf werden dem Vorsteher der Brüder Brot und ein Becher mit Wasser und Wein gebracht; der nimmt es und sendet Lob und Preis dem Allvater durch den Namen des Sohnes und des Heiligen Geistes empor und spricht eine lange Danksagung dafür, dass [&hellip;]</p>
