{"id":3446,"date":"2015-01-11T14:14:49","date_gmt":"2015-01-11T13:14:49","guid":{"rendered":"http:\/\/www.projekt-kirche.de\/?page_id=3446"},"modified":"2020-05-10T22:36:34","modified_gmt":"2020-05-10T20:36:34","slug":"ueber-den-gottesdienst","status":"publish","type":"page","link":"https:\/\/www.projekt-kirche.de\/?page_id=3446","title":{"rendered":"\u00dcber den Gottesdienst"},"content":{"rendered":"<div class=\"shariff\" data-title=\"\u00dcber den Gottesdienst\" data-info-url=\"http:\/\/ct.de\/-2467514\" data-backend-url=\"https:\/\/www.projekt-kirche.de\/wp-content\/plugins\/shariff-sharing\/backend\/index.php\" data-temp=\"\/tmp\" data-ttl=\"60\" data-service=\"gftr\" data-services='[\"googleplus\",\"facebook\",\"twitter\",\"reddit\",\"info\"]' data-image=\"\" data-url=\"https:\/\/www.projekt-kirche.de\/?page_id=3446\" data-lang=\"de\" data-theme=\"colored\" data-orientation=\"horizontal\"><\/div><h2 class=\"Standard-Blocksatz\"><i><a name=\"Gottesdienst\"><\/a><\/i><a href=\"http:\/\/de.wikipedia.org\/wiki\/Justin_der_M%C3%A4rtyrer\">Justin der M\u00e4rtyrer (ca. 100 &#8211; 165 n.Chr.)<\/a>:<\/h2>\n<p class=\"Standard-Blocksatz\">(christlicher Philosoph in <a href=\"http:\/\/maps.google.de\/maps?f=q&amp;hl=de&amp;geocode=&amp;q=rom,+Italien&amp;ie=UTF8&amp;ll=42.183759,12.513428&amp;spn=6.267461,13.623047&amp;t=p&amp;z=6\">Rom, Italien<\/a>)<\/p>\n<p class=\"Standard-Blocksatz\"><i>\u201cAn dem Tage, den man Sonntag nennt, findet eine Versammlung aller statt, die in St\u00e4dten oder auf dem Lande wohnen; dabei werden die Denkw\u00fcrdigkeiten der Apostel oder die Schriften der Propheten vorgelesen, solange es angeht. Hat der Vorleser aufgeh\u00f6rt, so gibt der Vorsteher in einer Ansprache eine Ermahnung und Aufforderung zur Nachahmung all dieses Guten. Darauf erheben wir uns alle zusammen und senden Gebete empor.<\/i><\/p>\n<p class=\"Standard-Blocksatz\"><i>Und wie schon erw\u00e4hnt wurde, wenn wir mit dem Gebete zu Ende sind, werden Brot, Wein und Wasser herbeigeholt, der Vorsteher spricht Gebete und Danksagungen mit aller Kraft, und das Volk stimmt ein, indem es das Amen sagt. Darauf findet die Ausspendung statt, jeder erh\u00e4lt seinen Teil von dem Konsekrierten; den Abwesenden aber wird er durch die Diakonen gebracht.<\/i><\/p>\n<p class=\"Standard-Blocksatz\"><i>Wer aber die Mittel und guten Willen hat, gibt nach seinem Ermessen, was er will, und das, was da zusammenkommt, wird bei dem Vorsteher hinterlegt; dieser kommt damit Waisen und Witwen zu Hilfe, solchen, die wegen Krankheit oder aus sonst einem Grunde bed\u00fcrftig sind, den Gefangenen und den Fremdlingen, die in der Gemeinde anwesend sind, kurz, er ist allen, die in der Stadt sind, ein F\u00fcrsorger.<\/i><\/p>\n<p class=\"Standard-Blocksatz\"><i>Am Sonntage aber halten wir alle gemeinsam die Zusammenkunft, weil er der erste Tag ist, an welchem Gott durch Umwandlung der Finsternis und des Urstoffes die Welt schuf und weil Jesus Christus, unser Erl\u00f6ser, an diesem Tage von den Toten auferstanden ist, Denn am Tage vor dem Saturnustage kreuzigte man ihn und am Tage nach dem Saturnustage, d. h. am Sonntage, erschien er seinen Aposteln und J\u00fcngern und lehrte sie das, was wir zur Erw\u00e4gung auch euch vorgelegt haben.\u201d<\/i><\/p>\n<p class=\"Standard-Blocksatz\"><a href=\"http:\/\/www.unifr.ch\/bkv\/kapitel77-66.htm\">(aus \u201cBibliothek der Kirchenv\u00e4ter\u201d, Justin der M\u00e4rtyrer: Erste Apologie, Kap. 67)<\/a><\/p>\n","protected":false},"excerpt":{"rendered":"<p>Justin der M\u00e4rtyrer (ca. 100 &#8211; 165 n.Chr.): (christlicher Philosoph in Rom, Italien) \u201cAn dem Tage, den man Sonntag nennt, findet eine Versammlung aller statt, die in St\u00e4dten oder auf dem Lande wohnen; dabei werden die Denkw\u00fcrdigkeiten der Apostel oder die Schriften der Propheten vorgelesen, solange es angeht. Hat der Vorleser aufgeh\u00f6rt, so gibt der [&hellip;]<\/p>\n","protected":false},"author":1,"featured_media":0,"parent":3402,"menu_order":0,"comment_status":"open","ping_status":"open","template":"","meta":{"jetpack_post_was_ever_published":false,"footnotes":""},"class_list":["post-3446","page","type-page","status-publish","hentry"],"jetpack_shortlink":"https:\/\/wp.me\/P4Sdv6-TA","jetpack_sharing_enabled":true,"_links":{"self":[{"href":"https:\/\/www.projekt-kirche.de\/index.php?rest_route=\/wp\/v2\/pages\/3446","targetHints":{"allow":["GET"]}}],"collection":[{"href":"https:\/\/www.projekt-kirche.de\/index.php?rest_route=\/wp\/v2\/pages"}],"about":[{"href":"https:\/\/www.projekt-kirche.de\/index.php?rest_route=\/wp\/v2\/types\/page"}],"author":[{"embeddable":true,"href":"https:\/\/www.projekt-kirche.de\/index.php?rest_route=\/wp\/v2\/users\/1"}],"replies":[{"embeddable":true,"href":"https:\/\/www.projekt-kirche.de\/index.php?rest_route=%2Fwp%2Fv2%2Fcomments&post=3446"}],"version-history":[{"count":1,"href":"https:\/\/www.projekt-kirche.de\/index.php?rest_route=\/wp\/v2\/pages\/3446\/revisions"}],"predecessor-version":[{"id":6506,"href":"https:\/\/www.projekt-kirche.de\/index.php?rest_route=\/wp\/v2\/pages\/3446\/revisions\/6506"}],"up":[{"embeddable":true,"href":"https:\/\/www.projekt-kirche.de\/index.php?rest_route=\/wp\/v2\/pages\/3402"}],"wp:attachment":[{"href":"https:\/\/www.projekt-kirche.de\/index.php?rest_route=%2Fwp%2Fv2%2Fmedia&parent=3446"}],"curies":[{"name":"wp","href":"https:\/\/api.w.org\/{rel}","templated":true}]}}

Über den Gottesdienst

<div class="shariff" data-title="Über den Gottesdienst" data-info-url="http://ct.de/-2467514" data-backend-url="https://www.projekt-kirche.de/wp-content/plugins/shariff-sharing/backend/index.php" data-temp="/tmp" data-ttl="60" data-service="gftr" data-services='["googleplus","facebook","twitter","reddit","info"]' data-image="" data-url="https://www.projekt-kirche.de/?page_id=3446" data-lang="de" data-theme="colored" data-orientation="horizontal"></div><h2 class="Standard-Blocksatz"><i><a name="Gottesdienst"></a></i><a href="http://de.wikipedia.org/wiki/Justin_der_M%C3%A4rtyrer">Justin der Märtyrer (ca. 100 &#8211; 165 n.Chr.)</a>:</h2>
<p class="Standard-Blocksatz">(christlicher Philosoph in <a href="http://maps.google.de/maps?f=q&amp;hl=de&amp;geocode=&amp;q=rom,+Italien&amp;ie=UTF8&amp;ll=42.183759,12.513428&amp;spn=6.267461,13.623047&amp;t=p&amp;z=6">Rom, Italien</a>)</p>
<p class="Standard-Blocksatz"><i>“An dem Tage, den man Sonntag nennt, findet eine Versammlung aller statt, die in Städten oder auf dem Lande wohnen; dabei werden die Denkwürdigkeiten der Apostel oder die Schriften der Propheten vorgelesen, solange es angeht. Hat der Vorleser aufgehört, so gibt der Vorsteher in einer Ansprache eine Ermahnung und Aufforderung zur Nachahmung all dieses Guten. Darauf erheben wir uns alle zusammen und senden Gebete empor.</i></p>
<p class="Standard-Blocksatz"><i>Und wie schon erwähnt wurde, wenn wir mit dem Gebete zu Ende sind, werden Brot, Wein und Wasser herbeigeholt, der Vorsteher spricht Gebete und Danksagungen mit aller Kraft, und das Volk stimmt ein, indem es das Amen sagt. Darauf findet die Ausspendung statt, jeder erhält seinen Teil von dem Konsekrierten; den Abwesenden aber wird er durch die Diakonen gebracht.</i></p>
<p class="Standard-Blocksatz"><i>Wer aber die Mittel und guten Willen hat, gibt nach seinem Ermessen, was er will, und das, was da zusammenkommt, wird bei dem Vorsteher hinterlegt; dieser kommt damit Waisen und Witwen zu Hilfe, solchen, die wegen Krankheit oder aus sonst einem Grunde bedürftig sind, den Gefangenen und den Fremdlingen, die in der Gemeinde anwesend sind, kurz, er ist allen, die in der Stadt sind, ein Fürsorger.</i></p>
<p class="Standard-Blocksatz"><i>Am Sonntage aber halten wir alle gemeinsam die Zusammenkunft, weil er der erste Tag ist, an welchem Gott durch Umwandlung der Finsternis und des Urstoffes die Welt schuf und weil Jesus Christus, unser Erlöser, an diesem Tage von den Toten auferstanden ist, Denn am Tage vor dem Saturnustage kreuzigte man ihn und am Tage nach dem Saturnustage, d. h. am Sonntage, erschien er seinen Aposteln und Jüngern und lehrte sie das, was wir zur Erwägung auch euch vorgelegt haben.”</i></p>
<p class="Standard-Blocksatz"><a href="http://www.unifr.ch/bkv/kapitel77-66.htm">(aus “Bibliothek der Kirchenväter”, Justin der Märtyrer: Erste Apologie, Kap. 67)</a></p>

<p>Justin der Märtyrer (ca. 100 &#8211; 165 n.Chr.): (christlicher Philosoph in Rom, Italien) “An dem Tage, den man Sonntag nennt, findet eine Versammlung aller statt, die in Städten oder auf dem Lande wohnen; dabei werden die Denkwürdigkeiten der Apostel oder die Schriften der Propheten vorgelesen, solange es angeht. Hat der Vorleser aufgehört, so gibt der [&hellip;]</p>
